 - 26, g = 5. What is the greatest common divisor of 36 and z?
4
Suppose -3*o = 5*b - 186, -2*o = -b - 5*o + 42. Suppose 46 = 11*y - 53. Calculate the greatest common divisor of y and b.
9
Let l be (6/(-4))/((-3)/210). Calculate the highest common divisor of 15 and l.
15
Suppose -2*f + 5*f = -4*w + 70, w = 2*f + 12. Let z = 82 - 74. What is the highest common factor of w and z?
8
Suppose -5*a + 4*n + 538 + 429 = 0, 0 = 3*a + 2*n - 567. Suppose 0 + 3 = o. Let y be 4/(-6) + a/o. Calculate the greatest common divisor of 9 and y.
9
Suppose 4*x + 4*d - 80 = 0, -3*x - 2*d + 106 = 2*x. Suppose x = 3*w + o, 37 = 5*w + o - 1. Calculate the highest common divisor of 8 and w.
8
Let r = -14 + 14. Suppose 4*o - 40 = -r*o. Calculate the highest common factor of o and 110.
10
Let q be (-4)/(-6) + 465/45. What is the greatest common divisor of 11 and q?
11
Let n be (-5)/2*54/(-45). Let l be (7/(-4) + 1)*-4. Suppose -83 = -4*i - 5*z, -n*i - l*z + 52 + 14 = 0. Calculate the greatest common factor of 9 and i.
9
Suppose -35 = -0*i - 5*i - 2*l, 5*l - 40 = -3*i. What is the highest common divisor of i and 2?
1
Suppose -179*w + 110 = -177*w. Calculate the highest common factor of 550 and w.
55
Let v be -4 - (-3 + -136) - -1. Calculate the highest common divisor of v and 17.
17
Let k = -45 + 150. Let g(d) = d**2 + 3*d + 7. Let m be g(-6). Suppose -r + k - m = 0. Calculate the greatest common factor of 10 and r.
10
Suppose 7*y - 198 = 6*y. What is the greatest common divisor of y and 22?
22
Let g = 2 - -2. Suppose -3*v + 5*v = 0. Suppose 4*l = -3*w + 100, 3*w + 0*l + 2*l - 98 = v. What is the highest common factor of g and w?
4
Let r = 20 - -7. Suppose -891 = -13*d + 10*d. Calculate the highest common factor of r and d.
27
Let p be ((-58)/3)/(1/(-3)) + 2. What is the highest common factor of 6 and p?
6
Let g be 67/4 - (-1)/4. Suppose 2*b = -3*h + 383, -555 = -3*b - 2*h + 4*h. Calculate the greatest common divisor of b and g.
17
Let j be (-4)/((-2)/9 + (-10)/225). Calculate the highest common divisor of j and 5.
5
Let j(d) = -d**2 + 6. Let n be j(0). Let r be ((-40)/(-6))/(n/(-189)). Let h be (0 - (-6)/(-15))*r. Calculate the highest common divisor of h and 12.
12
Let u be 1805/20 - (-2)/(-8). Calculate the highest common divisor of 10 and u.
10
Let u(l) = 55*l. Let r be u(2). Suppose -4*k - r = -9*k. Calculate the greatest common divisor of k and 110.
22
Let t(u) = -u + 36. Let h be t(0). What is the highest common divisor of 9 and h?
9
Suppose -5*u - 4*a + 456 + 235 = 0, -5*a = -u + 115. Suppose f + f + 2 = 0. Let i be f + (18 - 0) - 2. What is the greatest common factor of u and i?
15
Suppose -5*p - 4 = -u + 20, -3*u + 104 = p. Calculate the greatest common factor of 136 and u.
34
Let p be (-30)/(-26) + (-8)/52. Let u be (-9)/2*(-12)/18. Calculate the highest common divisor of p and u.
1
Let r(u) = u**3 - 3*u**2 - 3*u + 9. Let x be r(4). Calculate the greatest common divisor of 13 and x.
13
Let u be (-1)/(-1)*(1 + 1). Suppose 5*f = 2*x - 31, x + f - 21 = -u*x. Let y = -47 + 55. What is the highest common factor of y and x?
8
Let b be (11/((-11)/21))/(-3). What is the greatest common factor of b and 21?
7
Let u(p) = p**2 - 1. Let g be u(1). Suppose g = -q - q. Let r = q + 39. Calculate the greatest common divisor of r and 26.
13
Suppose -4*x = 5*n - 130, 5*x - 2*n - 157 = -11. Let i = -16 - -28. What is the highest common divisor of x and i?
6
Suppose 4*b + 123 = i - 3, 2*i - 4*b - 236 = 0. Let m be (44/(-12))/((-1)/3). What is the highest common divisor of i and m?
11
Let w be (-3)/2 + 207/6. What is the greatest common divisor of w and 3?
3
Suppose 3*d + 2*d - 300 = 0. Suppose 0 = 2*b - b - 4*l - 7, 2*l - 4 = 0. What is the highest common factor of d and b?
15
Suppose -16 = -5*u - 4*n, 20 = 8*n - 3*n. Suppose 4*d - d - 3 = u. Let s be d - -2*(1 - 0). What is the greatest common divisor of s and 15?
3
Suppose 5*h + 3*k - 65 = -0*h, 0 = 2*h - 5*k - 26. Calculate the highest common factor of 13 and h.
13
Let j = -198 + 199. Calculate the greatest common factor of j and 19.
1
Let v(n) = n**3 - 4*n**2 + 3*n + 2. Let w be v(4). Suppose -k + 2*k - 4*a = w, 4*k - 41 = a. What is the highest common divisor of 10 and k?
10
Suppose 2*t + 196 = 4*i, 0*i = -2*i - 3*t + 90. What is the highest common divisor of 12 and i?
12
Let s(b) = b**3 - b**2 + b - 13. Let h be s(0). Let u be ((-2)/4)/(h/286). Calculate the greatest common divisor of 11 and u.
11
Let w = 0 + 8. Calculate the highest common divisor of 56 and w.
8
Let t = 227 + -139. Calculate the highest common factor of 11 and t.
11
Let i be -29*(-1 + 2)*47/(-47). Calculate the highest common factor of i and 29.
29
Let h(c) = c - 4. Let i be h(4). Suppose i = -j + 2 + 14. What is the highest common factor of j and 16?
16
Let v = 5 - 0. Suppose 0*n = -v*n + 20. Calculate the highest common factor of n and 28.
4
Let b(c) = 2*c - 6. Let z be b(8). What is the greatest common divisor of z and 70?
10
Suppose 24 = 4*t + 4*w, 3*t + 5*w = 15 + 9. Suppose 5*c + t*u = -5, -2*c + 0*u = -5*u - 29. What is the greatest common factor of c and 3?
1
Let z(d) = d**2 - 3*d - 3. Let y be z(3). Let x be (-72)/(-33) - (-10)/(-55). Let k be x/(-3)*y - -1. Calculate the greatest common divisor of k and 9.
3
Let y be 4264/65 - (-2)/5. Calculate the greatest common factor of 6 and y.
6
Let n be -2 + (-3)/((-3)/65). Let p = 2 - 2. Suppose p = -3*b + b + 14. Calculate the highest common divisor of n and b.
7
Let l(r) = -4*r - 62. Let i be l(-18). What is the greatest common divisor of 50 and i?
10
Suppose -80 = -d - 25. Suppose 5*h = 65 - 10. Calculate the highest common divisor of d and h.
11
Suppose 4*j - 38 = 10. Suppose 5*s = 5*a - 30, 5*a - s + 2*s = j. Let g be (24/(-5))/(45/25 - 2). Calculate the greatest common factor of a and g.
3
Let c = -109 - -214. Calculate the greatest common factor of 15 and c.
15
Let p = 2 - 14. Let a = 42 + p. What is the highest common factor of a and 12?
6
Let m be (2*3/(-4))/(1/(-10)). What is the highest common factor of m and 15?
15
Let z be (3/2)/(-5*5/(-300)). Calculate the highest common divisor of z and 9.
9
Suppose -10*y + 480 = -2*y. Calculate the greatest common factor of y and 90.
30
Let v = -111 - -187. Calculate the greatest common divisor of v and 19.
19
Let t(x) = -x**3 - 4*x**2 - 2*x + 5. Let i be t(-4). Calculate the greatest common factor of 143 and i.
13
Let y(a) = -a**3 - 5*a**2 - 5*a + 6. Let b be y(-6). What is the greatest common divisor of b and 18?
18
Suppose -3*i = 5*w + 47, 0 = -5*i + 4 + 1. Let q = w + 13. Let j(f) = -f**3 - 4*f**2 - f - 3. Let z be j(-5). What is the greatest common factor of q and z?
3
Let u be (0 + 4 - 81)*-2. Let r(a) = -20*a - 6. Let k(j) = -j - 1. Let m(y) = -5*k(y) + r(y). Let v be m(-1). Calculate the highest common divisor of u and v.
14
Let w(l) = l**2 - 78. Let r be w(9). What is the greatest common divisor of r and 3?
3
Let u(z) = -z**3 - z**2 - 594. Let p be u(0). Let k be -1 - 1 - (2 - -20). Let d be (-1)/(-4) + p/k. Calculate the greatest common divisor of d and 10.
5
Suppose 2*o - a + 2*a = 13, a = 5. Let b = -1 + o. Let g = 1 + b. What is the highest common factor of g and 32?
4
Let c = -5 + 9. Suppose c*h - 1 = -0*n + 3*n, 3*h - 8 = -5*n. Let t(m) = m**2 - 3*m - 3. Let q be t(4). What is the highest common divisor of n and q?
1
Suppose 139 + 141 = 10*r. Suppose 5*g = -5*f + 5, 0*g - 2*g + 2*f + 14 = 0. What is the greatest common divisor of r and g?
4
Let b(l) = 89*l**3 - l**2 - l + 1. Let u be b(1). Calculate the highest common divisor of 8 and u.
8
Let h(u) = u. Let o be h(2). Suppose -4*r = -16 - 8. Suppose -q + 0*q + r = 0. Calculate the greatest common factor of o and q.
2
Suppose 3*i + 239 = 2*l, -2*l - 5*i = 3*l - 535. Suppose -4*b - 20 = 0, -p + 4*p = 5*b + 73. Calculate the greatest common factor of p and l.
16
Let v(t) = 17 - t + 6 + 0*t + 10. Let c be v(0). Calculate the highest common factor of c and 11.
11
Suppose 89 = r - 2*t, 0*r - r - t = -104. Suppose 3*n = -9, 4*n = -4*w - 7 - 5. Let a = w + 9. What is the highest common factor of r and a?
9
Let a(t) = t**3 + 6*t**2 - 7*t + 2. Let z be a(-7). Let k be 1/(z*1/44). Calculate the highest common divisor of 33 and k.
11
Let q = -58 + 121. Let d(a) = a**2 + 2*a - 6. Let n be d(-5). Let y